base 5) in base 6?
34432233
-2685069 (base 11) to base 15
-617c5b
Convert -2c36c (base 14) to base 9.
-177445
-71791 (base 10) to base 2
-10001100001101111
-1110110111010001011 (base 2) to base 11
-302a24
What is 365244 (base 7) in base 13?
24468
9886 (base 15) to base 5
2013201
What is -2ce609 (base 15) in base 16?
-212f8b
What is 227bb7 (base 13) in base 7?
6642130
-33331300021 (base 4) to base 2
-1111111101110000001001
-1000896 (base 10) to base 16
-f45c0
What is -420411 (base 6) in base 9?
-51377
-130030032322 (base 4) to base 2
-11100001100001110111010
Convert 1494bb (base 13) to base 16.
7b91c
Convert 140452403 (base 6) to base 13.
784710
-1100112121202 (base 3) to base 8
-2574616
Convert -246601 (base 8) to base 13.
-2cb26
6cd6 (base 14) to base 15
596e
What is -120320045 (base 6) in base 12?
-913025
What is ec8ad (base 15) in base 10?
751213
5a130 (base 13) to base 6
3311451
Convert -24504835 (base 9) to base 7.
-203626565
196333 (base 15) to base 14
2425db
What is -68293 (base 10) in base 2?
-10000101011000101
What is 32310e (base 15) in base 6?
123115335
-48214 (base 10) to base 2
-1011110001010110
Convert -1a0aa (base 13) to base 10.
-50671
Convert -441106 (base 9) to base 3.
-111101010020
422927 (base 11) to base 8
2452622
Convert -5515215 (base 9) to base 13.
-7c9772
Convert 20aa7 (base 12) to base 5.
2334124
What is 1324642 (base 10) in base 3?
2111022001211
What is -162030 (base 11) in base 7?
-2065335
What is 3a76a (base 14) in base 16?
2331a
What is 12577765 (base 9) in base 12?
20a7928
What is -42220201 (base 5) in base 10?
-351301
Convert 53850 (base 13) to base 16.
24d1d
What is -22160441 (base 7) in base 6?
-105004142
Convert -65315226 (base 7) to base 12.
-1a536a6
What is -22341a8 (base 13) in base 6?
-1012505210
-105952 (base 11) to base 9
-276553
What is 18cbcd (base 14) in base 13?
24a975
-16751 (base 12) to base 16
-7dad
21066655 (base 7) to base 8
6627435
Convert 597329 (base 11) to base 2.
11100111001000101111
What is 1000122121112 (base 3) in base 7?
4424552
-1324333 (base 6) to base 8
-217541
What is 1202345 (base 6) in base 2?
1111010100111001
What is -151617 (base 9) in base 5?
-10434320
-3216212 (base 7) to base 11
-247950
What is 1122020212202 (base 3) in base 2?
11010100101010011011
-2aa343 (base 12) to base 13
-1c3cb0
1869d (base 16) to base 14
28629
Convert 106236 (base 11) to base 8.
512546
-7c605 (base 16) to base 4
-1330120011
Convert -11011011011100001100101 (base 2) to base 3.
-111112022200121
Convert -200110201102 (base 4) to base 6.
-501333134
What is -13203225 (base 8) in base 16?
-2d0695
-11011011000000101 (base 2) to base 13
-3c068
Convert 835180 (base 10) to base 6.
25522324
Convert 31447 (base 11) to base 16.
b2dd
What is 12201111001 (base 3) in base 10?
112618
What is -537bd6 (base 14) in base 13?
-77c356
What is -7128377 (base 10) in base 3?
-111102011021222
What is -3003312112 (base 5) in base 6?
-330451204
-354211 (base 6) to base 3
-1120011221
351131020 (base 6) to base 5
3130401301
What is 100121002201001 (base 3) in base 9?
10532631
What is -1a90b (base 12) in base 16?
-999b
68356 (base 12) to base 4
201313302
Convert 5719 (base 16) to base 8.
53431
-10002200222 (base 3) to base 4
-32321123
Convert 32180 (base 14) to base 4.
131203110
Convert -2424550 (base 6) to base 2.
-11111010001010010
124125153 (base 7) to base 3
112212122211220
Convert 1a17362 (base 12) to base 15.
73bd62
-6a542 (base 13) to base 14
-50add
Convert 1543912 (base 13) to base 7.
111563350
-514958 (base 12) to base 7
-13551605
2488ba (base 12) to base 10
595726
Convert 7b99a (base 13) to base 3.
102110122211
Convert 130013333202 (base 4) to base 16.
707fe2
What is -1110111111101111 (base 2) in base 8?
-167757
What is -22210222100021 (base 3) in base 11?
-270a240
What is 10100010101110110 (base 2) in base 16?
14576
Convert -6693a2 (base 12) to base 6.
-55002322
What is -1011000101011011111010 (base 2) in base 14?
-558daa
What is -4aa419 (base 11) in base 16?
-c464c
What is 621061 (base 16) in base 15?
86e331
What is 524425 (base 8) in base 2?
101010100100010101
Convert 1104321 (base 7) to base 13.
49b8a
What is 453540 (base 7) in base 13?
2a870
-1663b89 (base 13) to base 14
-d6469a
What is -88a95 (base 15) in base 12?
-18b472
-1010110000001011010 (base 2) to base 7
-2665151
Convert 89426 (base 15) to base 16.
6a857
What is 200322021 (base 4) in base 6?
2520013
Convert 15842 (base 16) to base 10.
88130
Convert -1043114 (base 5) to base 9.
-27373
Convert -39098 (base 12) to base 16.
-13034
Convert -126587 (base 9) to base 4.
-102303211
-1121002200 (base 3) to base 8
-75273
4879 (base 15) to base 9
23126
-221220001211 (base 3) to base 7
-4221526
-d60e (base 15) to base 16
-b0b7
Convert 1403552 (base 6) to base 14.
2091a
Convert 28677 (base 12) to base 5.
3300001
Convert -2402054 (base 6) to base 15.
-27007
What is -10101201211110 (base 3) in base 13?
-4b2b11
What is -27955 (base 14) in base 16?
-17e57
-29382 (base 12) to base 7
-326540
36385 (base 13) to base 5
11140411
1004250 (base 8) to base 15
534e0
Convert -420744 (base 8) to base 15.
-2b618
Convert 276a49 (base 13) to base 2.
11101001110000000110
Convert 202033011 (base 4) to base 2.
100010001111000101
What is 55b202 (base 16) in base 14?
a629a2
-113143310 (base 7) to base 2
-11010100101011000110101
What is 2293608 (base 10) in base 5?
1041343413
What is b58de (base 15) in base 13?
1720b2
Convert 4140532 (base 8) to base 14.
20825c
What is -31404274 (base 8) in base 7?
-110560234
-17650611 (base 9) to base 7
-135366160
Convert -116020325 (base 7) to base 11.
-4136002
What is 138476 (base 10) in base 6?
2545032
Convert 24333102 (base 6) to base 11.
4898a9
Convert -200112001220 (base 3) to base 13.
-c9c15
-172292 (base 15) to base 4
-10101230333
Convert -1a0b325 (base 12) to base 3.
-101100010001002
What is -15453000 (base 6) in base 12?
-227160
What is 10a0613 (base 11) in base 2?
111010100011011110111
-841862 (base 9) to base 10
-500069
Convert -7053066 (base 8) to base 11.
-1059283
222000133110 (base 4) to base 3
202201110200210
What is 91ab1b (base 14) in base 2?
10010101110010110100101
What is 11153462 (base 7) in base 10?
971273
Convert 565a8 (base 15) to base 6.
5515322
-533039 (base 14) to base 5
-1210001101
de0136 (base 15) to base 8
50271645
Convert -115486 (base 16) to base 10.
-1135750
What is 1011111001100110110 (base 2) in base 10?
389942
-131862 (base 11) to base 16
-329ed
What is 2011122010110 (base 3) in base 13?
3153cc
Convert 719436 (base 10) to base 2.
10101111101001001100
Convert -21776 (base 9) to base 11.
-a980
What is 388a9 (base 14) in base 8?
417245
What is 11000011011011101000000 (base 2) in base 9?
13040448
What is 2154491 (base 10) in base 5?
1022420431
Convert -2342768 (base 10) to base 12.
-94b928
-545527 (base 12) to base 4
-11012102233
What is -10010000001011011110111 (base 2) in base 14?
-8ada63
What is -30213223 (base 5) in base 4?
-323000120
What is -80116 (base 10) in base 6?
-1414524
-1316602 (base 7) to base 2
-101010001100011001
What is -1010010100110010010 (base 2) in base 9?
-565073
-201741 (base 14) to base 8
-4075015
-1241323 (base 5) to base 7
-131454
What is -16414351 (base 7) in base 3?
-10000022122021
-10526402 (base 7) to base 8
-3372314
What is -1344502 (base 6) in base 16?
-129b6
What is -c783a (base 13) in base 6?
-11412224
-1130202102 (base 4) to base 14
-9c1b4
What is -54c3b3 (base 13) in base 15?
-296dbb
Convert -1791641 (base 11) to base 16.
-2e46d5
-2915243 (base 13) to base 5
-11314111234
Convert 1044473 (base 8) to base 5.
32442031
Convert -22211122212 (base 3) to base 2.
-101010011110100000
-1685a60 (base 11) to base 12
-b60952
Convert 6834 (base 9) to base 16.
13bd
2122033 (base 4) to base 15
2dd1
15144315 (base 6) to base 10
527159
What is 5067408 (base 10) in base 15?
6a16c3
52027 (base 12) to base 10
107167
-1111011001110001000 (base 2) to base 7
-4201315
-1004452 (base 8) to base 4
-1000210222
10140121100 (base 5) to base 9
21632562
What is -313124023 (base 5) in base 13?
-367698
Convert -25373 (base 8) to base 9.
-16075
What is -134234240 (base 5) in base 3?
-1022101000000
What is 66a8 (base 13) in base 12?
8366
16a14a (base 14) to base 4
3002111312
What is 1110011010000110110000 (base 2) in base 11?